{"id":168,"date":"2021-07-15T19:16:54","date_gmt":"2021-07-15T19:16:54","guid":{"rendered":"https:\/\/vogt-elektro.ch\/keramik\/?page_id=168"},"modified":"2024-11-26T15:11:49","modified_gmt":"2024-11-26T15:11:49","slug":"platinium","status":"publish","type":"page","link":"https:\/\/keramik-allenbach.ch\/index.php\/platinium\/","title":{"rendered":"Platinium Auszeichnung"},"content":{"rendered":"\t\t<div data-elementor-type=\"wp-page\" data-elementor-id=\"168\" class=\"elementor elementor-168\" data-elementor-post-type=\"page\">\n\t\t\t\t\t\t<section class=\"elementor-section elementor-top-section elementor-element elementor-element-9d14ef6 elementor-section-boxed elementor-section-height-default elementor-section-height-default\" data-id=\"9d14ef6\" data-element_type=\"section\">\n\t\t\t\t\t\t<div class=\"elementor-container elementor-column-gap-default\">\n\t\t\t\t\t<div class=\"elementor-column elementor-col-100 elementor-top-column elementor-element elementor-element-17b0bc4\" data-id=\"17b0bc4\" data-element_type=\"column\">\n\t\t\t<div class=\"elementor-widget-wrap elementor-element-populated\">\n\t\t\t\t\t\t<div class=\"elementor-element elementor-element-7463c7f elementor-widget elementor-widget-heading\" data-id=\"7463c7f\" data-element_type=\"widget\" data-widget_type=\"heading.default\">\n\t\t\t\t<div class=\"elementor-widget-container\">\n\t\t\t\t\t<h2 class=\"elementor-heading-title elementor-size-default\">Platinium \u2013 das Kompetenzlabel der Keramikbranche<\/h2>\t\t\t\t<\/div>\n\t\t\t\t<\/div>\n\t\t\t\t\t<\/div>\n\t\t<\/div>\n\t\t\t\t\t<\/div>\n\t\t<\/section>\n\t\t\t\t<section class=\"elementor-section elementor-top-section elementor-element elementor-element-8def3ec elementor-section-boxed elementor-section-height-default elementor-section-height-default\" data-id=\"8def3ec\" data-element_type=\"section\">\n\t\t\t\t\t\t<div class=\"elementor-container elementor-column-gap-default\">\n\t\t\t\t\t<div class=\"elementor-column elementor-col-100 elementor-top-column elementor-element elementor-element-3336300\" data-id=\"3336300\" data-element_type=\"column\">\n\t\t\t<div class=\"elementor-widget-wrap elementor-element-populated\">\n\t\t\t\t\t\t<div class=\"elementor-element elementor-element-c87eb3b elementor-widget elementor-widget-text-editor\" data-id=\"c87eb3b\" data-element_type=\"widget\" data-widget_type=\"text-editor.default\">\n\t\t\t\t<div class=\"elementor-widget-container\">\n\t\t\t\t\t\t\t\t\t<p class=\"c1\">Wir freuen uns sehr, dass uns der Schweizerische <a href=\"https:\/\/plattenverband.ch\/dienstleistungen\/Platinium\" target=\"_blank\" rel=\"noopener\">Plattenverband SPV <\/a>das Kompetenzlabel der Keramikbranche verliehen hat. Platinium steht f\u00fcr Qualit\u00e4t, Wettbewerbsf\u00e4higkeit und Berufsstolz. <br \/>Die Auszeichnung ist eine Best\u00e4tigung f\u00fcr unsere langj\u00e4hrige Investition in Qualit\u00e4t und Vertrauen. Unser Ziel ist es, den Ausdruck von Professionalit\u00e4t und die oben genannten Eigenschaften f\u00fcr unsere Kundinnen und Kunden weiterhin erfolgreich umzusetzen.<\/p><p>Die Platinium-Troph\u00e4e \u2013 der \u00abOscar\u00bb der Keramikbranche \u2013 wurde von der Firma Swisskeramik AG in Sarnen hergestellt. \u00a0<\/p>\t\t\t\t\t\t\t\t<\/div>\n\t\t\t\t<\/div>\n\t\t\t\t\t<\/div>\n\t\t<\/div>\n\t\t\t\t\t<\/div>\n\t\t<\/section>\n\t\t\t\t<section class=\"elementor-section elementor-top-section elementor-element elementor-element-2932d9d elementor-section-boxed elementor-section-height-default elementor-section-height-default\" data-id=\"2932d9d\" data-element_type=\"section\">\n\t\t\t\t\t\t<div class=\"elementor-container elementor-column-gap-default\">\n\t\t\t\t\t<div class=\"elementor-column elementor-col-100 elementor-top-column elementor-element elementor-element-e51cff0\" data-id=\"e51cff0\" data-element_type=\"column\">\n\t\t\t<div class=\"elementor-widget-wrap elementor-element-populated\">\n\t\t\t\t\t\t<div class=\"elementor-element elementor-element-6de790f elementor-widget elementor-widget-image\" data-id=\"6de790f\" data-element_type=\"widget\" data-widget_type=\"image.default\">\n\t\t\t\t<div class=\"elementor-widget-container\">\n\t\t\t\t\t\t\t\t\t\t\t\t\t\t\t<img fetchpriority=\"high\" decoding=\"async\" width=\"300\" height=\"240\" src=\"https:\/\/keramik-allenbach.ch\/wp-content\/uploads\/2024\/11\/Platinium-Photoroom-300x240.png\" class=\"attachment-medium size-medium wp-image-3480\" alt=\"\" srcset=\"https:\/\/keramik-allenbach.ch\/wp-content\/uploads\/2024\/11\/Platinium-Photoroom-300x240.png 300w, https:\/\/keramik-allenbach.ch\/wp-content\/uploads\/2024\/11\/Platinium-Photoroom-1024x819.png 1024w, https:\/\/keramik-allenbach.ch\/wp-content\/uploads\/2024\/11\/Platinium-Photoroom-768x614.png 768w, https:\/\/keramik-allenbach.ch\/wp-content\/uploads\/2024\/11\/Platinium-Photoroom-1536x1229.png 1536w, https:\/\/keramik-allenbach.ch\/wp-content\/uploads\/2024\/11\/Platinium-Photoroom.png 2000w\" sizes=\"(max-width: 300px) 100vw, 300px\" \/>\t\t\t\t\t\t\t\t\t\t\t\t\t\t\t<\/div>\n\t\t\t\t<\/div>\n\t\t\t\t\t<\/div>\n\t\t<\/div>\n\t\t\t\t\t<\/div>\n\t\t<\/section>\n\t\t\t\t<\/div>\n\t\t","protected":false},"excerpt":{"rendered":"<p>Platinium \u2013 das Kompetenzlabel der Keramikbranche Wir freuen uns sehr, dass uns der Schweizerische Plattenverband SPV das Kompetenzlabel der Keramikbranche verliehen hat. Platinium steht f\u00fcr Qualit\u00e4t, Wettbewerbsf\u00e4higkeit und Berufsstolz. Die Auszeichnung ist eine Best\u00e4tigung f\u00fcr unsere langj\u00e4hrige Investition in Qualit\u00e4t und Vertrauen. Unser Ziel ist es, den Ausdruck von Professionalit\u00e4t und die oben genannten Eigenschaften [&hellip;]<\/p>\n","protected":false},"author":1,"featured_media":0,"parent":0,"menu_order":0,"comment_status":"closed","ping_status":"closed","template":"elementor_header_footer","meta":{"footnotes":""},"class_list":["post-168","page","type-page","status-publish","hentry"],"_links":{"self":[{"href":"https:\/\/keramik-allenbach.ch\/index.php\/wp-json\/wp\/v2\/pages\/168","targetHints":{"allow":["GET"]}}],"collection":[{"href":"https:\/\/keramik-allenbach.ch\/index.php\/wp-json\/wp\/v2\/pages"}],"about":[{"href":"https:\/\/keramik-allenbach.ch\/index.php\/wp-json\/wp\/v2\/types\/page"}],"author":[{"embeddable":true,"href":"https:\/\/keramik-allenbach.ch\/index.php\/wp-json\/wp\/v2\/users\/1"}],"replies":[{"embeddable":true,"href":"https:\/\/keramik-allenbach.ch\/index.php\/wp-json\/wp\/v2\/comments?post=168"}],"version-history":[{"count":41,"href":"https:\/\/keramik-allenbach.ch\/index.php\/wp-json\/wp\/v2\/pages\/168\/revisions"}],"predecessor-version":[{"id":3483,"href":"https:\/\/keramik-allenbach.ch\/index.php\/wp-json\/wp\/v2\/pages\/168\/revisions\/3483"}],"wp:attachment":[{"href":"https:\/\/keramik-allenbach.ch\/index.php\/wp-json\/wp\/v2\/media?parent=168"}],"curies":[{"name":"wp","href":"https:\/\/api.w.org\/{rel}","templated":true}]}}